Last updated on 2024-05-04 01:48:51 CEST.
Flavor | Version | Tinstall | Tcheck | Ttotal | Status | Flags |
---|---|---|---|---|---|---|
r-devel-linux-x86_64-debian-clang | 1.4.0 | 6.26 | 94.11 | 100.37 | OK | |
r-devel-linux-x86_64-fedora-clang | 1.4.0 | 125.29 | NOTE | |||
r-devel-linux-x86_64-fedora-gcc | 1.4.0 | 133.69 | OK | |||
r-devel-windows-x86_64 | 1.4.0 | 7.00 | 116.00 | 123.00 | OK | |
r-patched-linux-x86_64 | 1.4.0 | 6.85 | 87.22 | 94.07 | OK | |
r-release-linux-x86_64 | 1.4.0 | 4.35 | 87.33 | 91.68 | OK | |
r-release-macos-arm64 | 1.4.0 | 58.00 | OK | |||
r-release-windows-x86_64 | 1.4.0 | 6.00 | 112.00 | 118.00 | OK | |
r-oldrel-macos-arm64 | 1.4.0 | 71.00 | OK | |||
r-oldrel-macos-x86_64 | 1.4.0 | 154.00 | OK | |||
r-oldrel-windows-x86_64 | 1.4.0 | 8.00 | 120.00 | 128.00 | OK |
Version: 1.4.0
Check: Rd cross-references
Result: NOTE
Undeclared package ‘yaml’ in Rd xrefs
Flavor: r-devel-linux-x86_64-fedora-clang
These binaries (installable software) and packages are in development.
They may not be fully stable and should be used with caution. We make no claims about them.