Last updated on 2024-05-04 01:48:51 CEST.
Flavor | Version | Tinstall | Tcheck | Ttotal | Status | Flags |
---|---|---|---|---|---|---|
r-devel-linux-x86_64-debian-clang | 1.1.0 | 551.50 | 333.88 | 885.38 | OK | |
r-devel-linux-x86_64-fedora-clang | 1.1.0 | 1227.37 | NOTE | |||
r-devel-linux-x86_64-fedora-gcc | 1.1.0 | 1156.11 | OK | |||
r-devel-windows-x86_64 | 1.1.0 | 456.00 | 253.00 | 709.00 | NOTE | |
r-patched-linux-x86_64 | 1.1.0 | 531.35 | 327.78 | 859.13 | OK | |
r-release-linux-x86_64 | 1.1.0 | 514.86 | 329.54 | 844.40 | OK | |
r-release-macos-arm64 | 1.1.0 | 231.00 | NOTE | |||
r-release-macos-x86_64 | 1.1.0 | 737.00 | NOTE | |||
r-release-windows-x86_64 | 1.1.0 | 460.00 | 242.00 | 702.00 | NOTE | |
r-oldrel-macos-arm64 | 1.1.0 | 250.00 | NOTE | |||
r-oldrel-macos-x86_64 | 1.1.0 | 733.00 | NOTE | |||
r-oldrel-windows-x86_64 | 1.1.0 | 561.00 | 314.00 | 875.00 | NOTE |
Version: 1.1.0
Check: installed package size
Result: NOTE
installed size is 25.2Mb
sub-directories of 1Mb or more:
CppCode 2.8Mb
R 7.7Mb
classic-bugs 1.6Mb
include 11.9Mb
Flavors: r-devel-linux-x86_64-fedora-clang, r-devel-windows-x86_64, r-release-macos-arm64, r-release-macos-x86_64, r-release-windows-x86_64, r-oldrel-macos-arm64, r-oldrel-macos-x86_64, r-oldrel-windows-x86_64
These binaries (installable software) and packages are in development.
They may not be fully stable and should be used with caution. We make no claims about them.