CRAN Package Check Results for Package nivm

Last updated on 2025-10-23 23:49:38 CEST.

Flavor Version Tinstall Tcheck Ttotal Status Flags
r-devel-linux-x86_64-debian-clang 0.6 10.23 89.98 100.21 NOTE
r-devel-linux-x86_64-debian-gcc 0.6 7.48 64.91 72.39 OK
r-devel-linux-x86_64-fedora-clang 0.6 23.00 129.90 152.90 OK
r-devel-linux-x86_64-fedora-gcc 0.6 21.00 127.63 148.63 OK
r-devel-windows-x86_64 0.6 11.00 93.00 104.00 OK
r-patched-linux-x86_64 0.6 10.09 84.54 94.63 OK
r-release-linux-x86_64 0.6 9.39 83.26 92.65 OK
r-release-macos-arm64 0.6 5.00 90.00 95.00 OK
r-release-macos-x86_64 0.6 14.00 86.00 100.00 OK
r-release-windows-x86_64 0.6 11.00 94.00 105.00 OK
r-oldrel-macos-arm64 0.6 5.00 40.00 45.00 OK
r-oldrel-macos-x86_64 0.6 10.00 82.00 92.00 OK
r-oldrel-windows-x86_64 0.6 15.00 114.00 129.00 OK

Check Details

Version: 0.6
Check: HTML version of manual
Result: NOTE Found the following HTML validation problems: findPowerR.html:57:1 (findPowerR.Rd:20): Warning: missing </ul> before </div> Flavor: r-devel-linux-x86_64-debian-clang

These binaries (installable software) and packages are in development.
They may not be fully stable and should be used with caution. We make no claims about them.