Last updated on 2025-10-23 07:49:54 CEST.
Flavor | Version | Tinstall | Tcheck | Ttotal | Status | Flags |
---|---|---|---|---|---|---|
r-devel-linux-x86_64-debian-clang | 3.0.2 | 33.18 | 107.12 | 140.30 | NOTE | |
r-devel-linux-x86_64-debian-gcc | 3.0.2 | 21.16 | 72.99 | 94.15 | OK | |
r-devel-linux-x86_64-fedora-clang | 3.0.2 | 154.00 | 81.46 | 235.46 | OK | |
r-devel-linux-x86_64-fedora-gcc | 3.0.2 | 71.00 | 135.04 | 206.04 | OK | |
r-devel-windows-x86_64 | 3.0.2 | 50.00 | 125.00 | 175.00 | OK | |
r-patched-linux-x86_64 | 3.0.2 | 29.51 | 98.23 | 127.74 | OK | |
r-release-linux-x86_64 | 3.0.2 | 29.22 | 98.02 | 127.24 | OK | |
r-release-macos-arm64 | 3.0.2 | 13.00 | 44.00 | 57.00 | OK | |
r-release-macos-x86_64 | 3.0.2 | 48.00 | 58.00 | 106.00 | OK | |
r-release-windows-x86_64 | 3.0.2 | 49.00 | 118.00 | 167.00 | OK | |
r-oldrel-macos-arm64 | 3.0.2 | 13.00 | 40.00 | 53.00 | OK | |
r-oldrel-macos-x86_64 | 3.0.2 | 31.00 | 73.00 | 104.00 | OK | |
r-oldrel-windows-x86_64 | 3.0.2 | 57.00 | 154.00 | 211.00 | OK |
Version: 3.0.2
Check: HTML version of manual
Result: NOTE
Found the following HTML validation problems:
knit_print.nlmixr2FitCore.html:60:1 (knit_print.nlmixr2FitCore.Rd:18): Warning: missing </ul> before </div>
Flavor: r-devel-linux-x86_64-debian-clang
These binaries (installable software) and packages are in development.
They may not be fully stable and should be used with caution. We make no claims about them.