Last updated on 2024-05-04 01:48:51 CEST.
Flavor | Version | Tinstall | Tcheck | Ttotal | Status | Flags |
---|---|---|---|---|---|---|
r-devel-linux-x86_64-debian-clang | 2.0.3 | 34.68 | 50.26 | 84.94 | NOTE | |
r-devel-linux-x86_64-fedora-clang | 2.0.3 | 105.13 | NOTE | |||
r-devel-linux-x86_64-fedora-gcc | 2.0.3 | 125.69 | NOTE | |||
r-devel-windows-x86_64 | 2.0.3 | 26.00 | 97.00 | 123.00 | NOTE | |
r-patched-linux-x86_64 | 2.0.3 | 20.70 | 48.64 | 69.34 | NOTE | |
r-release-linux-x86_64 | 2.0.3 | 22.25 | 48.22 | 70.47 | NOTE | |
r-release-macos-arm64 | 2.0.3 | 50.00 | NOTE | |||
r-release-windows-x86_64 | 2.0.3 | 27.00 | 102.00 | 129.00 | NOTE | |
r-oldrel-macos-arm64 | 2.0.3 | 54.00 | NOTE | |||
r-oldrel-macos-x86_64 | 2.0.3 | 83.00 | NOTE | |||
r-oldrel-windows-x86_64 | 2.0.3 | 33.00 | 105.00 | 138.00 | NOTE |
Version: 2.0.3
Check: C++ specification
Result: NOTE
Specified C++11: please drop specification unless essential
Flavors: r-devel-linux-x86_64-debian-clang, r-devel-linux-x86_64-fedora-clang, r-devel-linux-x86_64-fedora-gcc, r-devel-windows-x86_64, r-patched-linux-x86_64, r-release-linux-x86_64, r-release-macos-arm64, r-release-windows-x86_64, r-oldrel-macos-arm64, r-oldrel-macos-x86_64, r-oldrel-windows-x86_64
Version: 2.0.3
Check: installed package size
Result: NOTE
installed size is 6.2Mb
sub-directories of 1Mb or more:
libs 5.8Mb
Flavors: r-release-macos-arm64, r-oldrel-macos-arm64, r-oldrel-macos-x86_64
These binaries (installable software) and packages are in development.
They may not be fully stable and should be used with caution. We make no claims about them.