Last updated on 2024-05-04 01:48:51 CEST.
Flavor | Version | Tinstall | Tcheck | Ttotal | Status | Flags |
---|---|---|---|---|---|---|
r-devel-linux-x86_64-debian-clang | 2.2-1 | 2.48 | 33.76 | 36.24 | NOTE | |
r-devel-linux-x86_64-fedora-clang | 2.2-1 | 45.41 | NOTE | |||
r-devel-linux-x86_64-fedora-gcc | 2.2-1 | 45.61 | NOTE | |||
r-devel-windows-x86_64 | 2.2-1 | 3.00 | 48.00 | 51.00 | NOTE | |
r-patched-linux-x86_64 | 2.2-1 | 3.70 | 33.07 | 36.77 | NOTE | |
r-release-linux-x86_64 | 2.2-1 | 2.49 | 33.21 | 35.70 | NOTE | |
r-release-macos-arm64 | 2.2-1 | 18.00 | NOTE | |||
r-release-windows-x86_64 | 2.2-1 | 3.00 | 49.00 | 52.00 | NOTE | |
r-oldrel-macos-arm64 | 2.2-1 | 19.00 | OK | |||
r-oldrel-macos-x86_64 | 2.2-1 | 24.00 | OK | |||
r-oldrel-windows-x86_64 | 2.2-1 | 4.00 | 48.00 | 52.00 | OK |
Version: 2.2-1
Check: Rd files
Result: NOTE
checkRd: (-1) fwtnpperm.Rd:34: Lost braces
34 | Given \eqn{n} points on a line, \env{input}, each with a corresponding env{f} value this algorithm computes a lifting transform of the (\env{input},\env{f}) data. If lengths are inputted (\env{inputtype="lengths"}), then the gridpoints are taken to be the left endpoints of the intervals defined by the lengths inputted.
| ^
Flavors: r-devel-linux-x86_64-debian-clang, r-devel-linux-x86_64-fedora-clang, r-devel-linux-x86_64-fedora-gcc, r-devel-windows-x86_64, r-patched-linux-x86_64, r-release-linux-x86_64, r-release-macos-arm64, r-release-windows-x86_64
These binaries (installable software) and packages are in development.
They may not be fully stable and should be used with caution. We make no claims about them.