Last updated on 2024-05-04 01:48:51 CEST.
Flavor | Version | Tinstall | Tcheck | Ttotal | Status | Flags |
---|---|---|---|---|---|---|
r-devel-linux-x86_64-debian-clang | 0.4.8 | 7.51 | 70.27 | 77.78 | OK | |
r-devel-linux-x86_64-fedora-clang | 0.4.8 | 98.32 | NOTE | |||
r-devel-linux-x86_64-fedora-gcc | 0.4.8 | 107.99 | OK | |||
r-devel-windows-x86_64 | 0.4.8 | 11.00 | 101.00 | 112.00 | OK | |
r-patched-linux-x86_64 | 0.4.8 | 7.81 | 68.10 | 75.91 | OK | |
r-release-linux-x86_64 | 0.4.8 | 7.87 | 66.66 | 74.53 | OK | |
r-release-macos-arm64 | 0.4.8 | 41.00 | OK | |||
r-release-macos-x86_64 | 0.4.8 | 116.00 | OK | |||
r-release-windows-x86_64 | 0.4.8 | 10.00 | 99.00 | 109.00 | OK | |
r-oldrel-macos-arm64 | 0.4.8 | 43.00 | OK | |||
r-oldrel-macos-x86_64 | 0.4.8 | 76.00 | OK | |||
r-oldrel-windows-x86_64 | 0.4.8 | 12.00 | 100.00 | 112.00 | OK |
Version: 0.4.8
Check: Rd cross-references
Result: NOTE
Undeclared package ‘sfheaders’ in Rd xrefs
Flavor: r-devel-linux-x86_64-fedora-clang
These binaries (installable software) and packages are in development.
They may not be fully stable and should be used with caution. We make no claims about them.