CRAN Package Check Results for Package nnspat

Last updated on 2025-10-23 21:51:34 CEST.

Flavor Version Tinstall Tcheck Ttotal Status Flags
r-devel-linux-x86_64-debian-clang 0.1.2 16.00 156.46 172.46 NOTE
r-devel-linux-x86_64-debian-gcc 0.1.2 10.57 110.41 120.98 NOTE
r-devel-linux-x86_64-fedora-clang 0.1.2 87.00 194.02 281.02 OK
r-devel-linux-x86_64-fedora-gcc 0.1.2 32.00 219.75 251.75 OK
r-devel-windows-x86_64 0.1.2 16.00 172.00 188.00 OK
r-patched-linux-x86_64 0.1.2 23.55 147.79 171.34 OK
r-release-linux-x86_64 0.1.2 16.37 148.66 165.03 OK
r-release-macos-arm64 0.1.2 13.00 93.00 106.00 OK
r-release-macos-x86_64 0.1.2 14.00 116.00 130.00 OK
r-release-windows-x86_64 0.1.2 15.00 188.00 203.00 OK
r-oldrel-macos-arm64 0.1.2 15.00 96.00 111.00 OK
r-oldrel-macos-x86_64 0.1.2 12.00 87.00 99.00 OK
r-oldrel-windows-x86_64 0.1.2 21.00 200.00 221.00 OK

Check Details

Version: 0.1.2
Check: CRAN incoming feasibility
Result: NOTE Maintainer: ‘Elvan Ceyhan <elvanceyhan@gmail.com>’ No Authors@R field in DESCRIPTION. Please add one, modifying Authors@R: person(given = "Elvan", family = "Ceyhan", role = c("aut", "cre"), email = "elvanceyhan@gmail.com") as necessary. Flavors: r-devel-linux-x86_64-debian-clang, r-devel-linux-x86_64-debian-gcc

These binaries (installable software) and packages are in development.
They may not be fully stable and should be used with caution. We make no claims about them.