Last updated on 2024-05-04 01:48:51 CEST.
Flavor | Version | Tinstall | Tcheck | Ttotal | Status | Flags |
---|---|---|---|---|---|---|
r-devel-linux-x86_64-debian-clang | 1.0.1 | 3.03 | 278.16 | 281.19 | NOTE | |
r-devel-linux-x86_64-fedora-clang | 1.0.1 | 333.86 | NOTE | |||
r-devel-linux-x86_64-fedora-gcc | 1.0.1 | 324.90 | NOTE | |||
r-devel-windows-x86_64 | 1.0.1 | 5.00 | 182.00 | 187.00 | NOTE | |
r-patched-linux-x86_64 | 1.0.1 | 3.98 | 261.15 | 265.13 | NOTE | |
r-release-linux-x86_64 | 1.0.1 | 2.89 | 259.80 | 262.69 | NOTE | |
r-release-macos-arm64 | 1.0.1 | 73.00 | NOTE | |||
r-release-windows-x86_64 | 1.0.1 | 3.00 | 188.00 | 191.00 | NOTE | |
r-oldrel-macos-arm64 | 1.0.1 | 77.00 | NOTE | |||
r-oldrel-macos-x86_64 | 1.0.1 | 154.00 | NOTE | |||
r-oldrel-windows-x86_64 | 1.0.1 | 5.00 | 242.00 | 247.00 | NOTE |
Version: 1.0.1
Check: LazyData
Result: NOTE
'LazyData' is specified without a 'data' directory
Flavors: r-devel-linux-x86_64-debian-clang, r-devel-linux-x86_64-fedora-clang, r-devel-linux-x86_64-fedora-gcc, r-devel-windows-x86_64, r-patched-linux-x86_64, r-release-linux-x86_64, r-release-macos-arm64, r-release-windows-x86_64, r-oldrel-macos-arm64, r-oldrel-macos-x86_64, r-oldrel-windows-x86_64
These binaries (installable software) and packages are in development.
They may not be fully stable and should be used with caution. We make no claims about them.