Last updated on 2024-05-04 01:48:51 CEST.
Flavor | Version | Tinstall | Tcheck | Ttotal | Status | Flags |
---|---|---|---|---|---|---|
r-devel-linux-x86_64-debian-clang | 0.5.6 | 14.12 | 152.25 | 166.37 | OK | |
r-devel-linux-x86_64-fedora-clang | 0.5.6 | 229.12 | NOTE | |||
r-devel-linux-x86_64-fedora-gcc | 0.5.6 | 223.85 | NOTE | |||
r-devel-windows-x86_64 | 0.5.6 | 12.00 | 205.00 | 217.00 | OK | |
r-patched-linux-x86_64 | 0.5.6 | 20.63 | 139.84 | 160.47 | OK | |
r-release-linux-x86_64 | 0.5.6 | 12.02 | 142.31 | 154.33 | OK | |
r-release-macos-arm64 | 0.5.6 | 537.00 | OK | |||
r-release-windows-x86_64 | 0.5.6 | 13.00 | 227.00 | 240.00 | OK | |
r-oldrel-macos-arm64 | 0.5.6 | 505.00 | OK | |||
r-oldrel-macos-x86_64 | 0.5.6 | 507.00 | OK | |||
r-oldrel-windows-x86_64 | 0.5.6 | 15.00 | 223.00 | 238.00 | OK |
Version: 0.5.6
Check: dependencies in R code
Result: NOTE
Namespace in Imports field not imported from: ‘httr’
All declared Imports should be used.
Flavors: r-devel-linux-x86_64-fedora-clang, r-devel-linux-x86_64-fedora-gcc
Version: 0.5.6
Check: data for non-ASCII characters
Result: NOTE
Note: found 7 marked UTF-8 strings
Flavors: r-devel-linux-x86_64-fedora-clang, r-devel-linux-x86_64-fedora-gcc
These binaries (installable software) and packages are in development.
They may not be fully stable and should be used with caution. We make no claims about them.