Last updated on 2025-10-23 11:50:21 CEST.
Flavor | Version | Tinstall | Tcheck | Ttotal | Status | Flags |
---|---|---|---|---|---|---|
r-devel-linux-x86_64-debian-clang | 0.7.0 | 23.93 | 187.26 | 211.19 | NOTE | |
r-devel-linux-x86_64-debian-gcc | 0.7.0 | 15.56 | 121.73 | 137.29 | NOTE | |
r-devel-linux-x86_64-fedora-clang | 0.7.0 | 107.00 | 226.46 | 333.46 | NOTE | |
r-devel-linux-x86_64-fedora-gcc | 0.7.0 | 129.00 | 199.07 | 328.07 | NOTE | |
r-devel-windows-x86_64 | 0.7.0 | 27.00 | 238.00 | 265.00 | OK | |
r-patched-linux-x86_64 | 0.7.0 | 29.34 | 176.10 | 205.44 | OK | |
r-release-linux-x86_64 | 0.7.0 | 22.67 | 175.74 | 198.41 | OK | |
r-release-macos-arm64 | 0.7.0 | 11.00 | 87.00 | 98.00 | OK | |
r-release-macos-x86_64 | 0.7.0 | 21.00 | 157.00 | 178.00 | OK | |
r-release-windows-x86_64 | 0.7.0 | 28.00 | 237.00 | 265.00 | OK | |
r-oldrel-macos-arm64 | 0.7.0 | 10.00 | 82.00 | 92.00 | OK | |
r-oldrel-macos-x86_64 | 0.7.0 | 22.00 | 165.00 | 187.00 | OK | |
r-oldrel-windows-x86_64 | 0.7.0 | 37.00 | 319.00 | 356.00 | OK |
Version: 0.7.0
Check: HTML version of manual
Result: NOTE
Found the following HTML validation problems:
body_add_xml.html:56:1 (body_add_xml.Rd:15): Warning: missing </ul> before </div>
notes_location_label.html:51:1 (notes_location_label.Rd:12): Warning: missing </ul> before </div>
notes_location_type.html:51:1 (notes_location_type.Rd:12): Warning: missing </ul> before </div>
pack_folder.html:51:1 (pack_folder.Rd:12): Warning: missing </ul> before </div>
sanitize_images.html:49:1 (sanitize_images.Rd:10): Warning: missing </ul> before </div>
stop_if_not_in_slide_range.html:59:1 (stop_if_not_in_slide_range.Rd:17): Warning: missing </ul> before </div>
unpack_folder.html:51:1 (unpack_folder.Rd:12): Warning: missing </ul> before </div>
Flavor: r-devel-linux-x86_64-debian-clang
Version: 0.7.0
Check: Rd files
Result: NOTE
checkRd: (-1) body_add.Rd:169: height/width attributes should be in pixels
checkRd: (-1) body_end_block_section.Rd:23: height/width attributes should be in pixels
checkRd: (-1) body_set_default_section.Rd:21: height/width attributes should be in pixels
checkRd: (-1) ph_with.Rd:178: height/width attributes should be in pixels
checkRd: (-1) prop_section.Rd:63: height/width attributes should be in pixels
checkRd: (-1) read_docx.Rd:70: height/width attributes should be in pixels
checkRd: (-1) read_docx.Rd:72: height/width attributes should be in pixels
Flavors: r-devel-linux-x86_64-debian-gcc, r-devel-linux-x86_64-fedora-clang, r-devel-linux-x86_64-fedora-gcc
These binaries (installable software) and packages are in development.
They may not be fully stable and should be used with caution. We make no claims about them.