Last updated on 2024-05-04 01:48:52 CEST.
Flavor | Version | Tinstall | Tcheck | Ttotal | Status | Flags |
---|---|---|---|---|---|---|
r-devel-linux-x86_64-debian-clang | 0.5.0 | 0.31 | 2.42 | 2.73 | ERROR | |
r-devel-linux-x86_64-fedora-clang | 0.5.0 | 142.15 | OK | |||
r-devel-linux-x86_64-fedora-gcc | 0.5.0 | 135.22 | OK | |||
r-devel-windows-x86_64 | 0.5.0 | 8.00 | 92.00 | 100.00 | OK | |
r-patched-linux-x86_64 | 0.5.0 | 5.88 | 91.79 | 97.67 | OK | |
r-release-linux-x86_64 | 0.5.0 | 8.56 | 89.65 | 98.21 | OK | |
r-release-macos-arm64 | 0.5.0 | 44.00 | OK | |||
r-release-macos-x86_64 | 0.5.0 | 68.00 | OK | |||
r-release-windows-x86_64 | 0.5.0 | 9.00 | 86.00 | 95.00 | OK | |
r-oldrel-macos-arm64 | 0.5.0 | 43.00 | OK | |||
r-oldrel-macos-x86_64 | 0.5.0 | 58.00 | OK | |||
r-oldrel-windows-x86_64 | 0.5.0 | 11.00 | 100.00 | 111.00 | OK |
Version: 0.5.0
Check: package dependencies
Result: ERROR
Packages required but not available: 'tigger', 'alakazam'
See section ‘The DESCRIPTION file’ in the ‘Writing R Extensions’
manual.
Flavor: r-devel-linux-x86_64-debian-clang
These binaries (installable software) and packages are in development.
They may not be fully stable and should be used with caution. We make no claims about them.