CRAN Package Check Results for Package ollggamma

Last updated on 2025-10-23 17:50:56 CEST.

Flavor Version Tinstall Tcheck Ttotal Status Flags
r-devel-linux-x86_64-debian-clang 1.0.2 1.56 22.32 23.88 NOTE
r-devel-linux-x86_64-debian-gcc 1.0.2 1.30 18.12 19.42 NOTE
r-devel-linux-x86_64-fedora-clang 1.0.2 34.68 OK
r-devel-linux-x86_64-fedora-gcc 1.0.2 33.28 OK
r-devel-windows-x86_64 1.0.2 2.00 46.00 48.00 OK
r-patched-linux-x86_64 1.0.2 1.66 21.05 22.71 OK
r-release-linux-x86_64 1.0.2 1.56 21.22 22.78 OK
r-release-macos-arm64 1.0.2 1.00 15.00 16.00 OK
r-release-macos-x86_64 1.0.2 1.00 27.00 28.00 OK
r-release-windows-x86_64 1.0.2 3.00 47.00 50.00 OK
r-oldrel-macos-arm64 1.0.2 1.00 15.00 16.00 NOTE
r-oldrel-macos-x86_64 1.0.2 2.00 21.00 23.00 NOTE
r-oldrel-windows-x86_64 1.0.2 2.00 49.00 51.00 NOTE

Check Details

Version: 1.0.2
Check: CRAN incoming feasibility
Result: NOTE Maintainer: ‘Matheus H. J. Saldanha <mhjsaldanha@gmail.com>’ The BugReports field in DESCRIPTION has https://github.com/matheushjs/ollggamma which should likely be https://github.com/matheushjs/ollggamma/issues instead. Flavors: r-devel-linux-x86_64-debian-clang, r-devel-linux-x86_64-debian-gcc

Version: 1.0.2
Check: LazyData
Result: NOTE 'LazyData' is specified without a 'data' directory Flavors: r-oldrel-macos-arm64, r-oldrel-macos-x86_64, r-oldrel-windows-x86_64

These binaries (installable software) and packages are in development.
They may not be fully stable and should be used with caution. We make no claims about them.