Last updated on 2024-05-04 01:48:52 CEST.
Flavor | Version | Tinstall | Tcheck | Ttotal | Status | Flags |
---|---|---|---|---|---|---|
r-devel-linux-x86_64-debian-clang | 0.2.0 | 4.52 | 41.14 | 45.66 | NOTE | |
r-devel-linux-x86_64-fedora-clang | 0.2.0 | 56.40 | NOTE | |||
r-devel-linux-x86_64-fedora-gcc | 0.2.0 | 53.27 | NOTE | |||
r-devel-windows-x86_64 | 0.2.0 | 5.00 | 54.00 | 59.00 | NOTE | |
r-patched-linux-x86_64 | 0.2.0 | 2.92 | 37.53 | 40.45 | NOTE | |
r-release-linux-x86_64 | 0.2.0 | 2.86 | 38.86 | 41.72 | NOTE | |
r-release-macos-arm64 | 0.2.0 | 22.00 | NOTE | |||
r-release-windows-x86_64 | 0.2.0 | 6.00 | 53.00 | 59.00 | NOTE | |
r-oldrel-macos-arm64 | 0.2.0 | 24.00 | NOTE | |||
r-oldrel-macos-x86_64 | 0.2.0 | 30.00 | NOTE | |||
r-oldrel-windows-x86_64 | 0.2.0 | 6.00 | 57.00 | 63.00 | NOTE |
Version: 0.2.0
Check: LazyData
Result: NOTE
'LazyData' is specified without a 'data' directory
Flavors: r-devel-linux-x86_64-debian-clang, r-devel-linux-x86_64-fedora-clang, r-devel-linux-x86_64-fedora-gcc, r-devel-windows-x86_64, r-patched-linux-x86_64, r-release-linux-x86_64, r-release-macos-arm64, r-release-windows-x86_64, r-oldrel-macos-arm64, r-oldrel-macos-x86_64, r-oldrel-windows-x86_64
Version: 0.2.0
Check: package dependencies
Result: NOTE
Imports includes 21 non-default packages.
Importing from so many packages makes the package vulnerable to any of
them becoming unavailable. Move as many as possible to Suggests and
use conditionally.
Flavor: r-devel-linux-x86_64-fedora-clang
Version: 0.2.0
Check: dependencies in R code
Result: NOTE
Namespaces in Imports field not imported from:
‘e1071’ ‘fs’ ‘pdp’
All declared Imports should be used.
Flavors: r-devel-linux-x86_64-fedora-clang, r-devel-linux-x86_64-fedora-gcc
These binaries (installable software) and packages are in development.
They may not be fully stable and should be used with caution. We make no claims about them.