Last updated on 2024-05-04 01:48:52 CEST.
Flavor | Version | Tinstall | Tcheck | Ttotal | Status | Flags |
---|---|---|---|---|---|---|
r-devel-linux-x86_64-debian-clang | 2.12 | 3.80 | 54.07 | 57.87 | OK | |
r-devel-linux-x86_64-fedora-clang | 2.12 | 72.93 | NOTE | |||
r-devel-linux-x86_64-fedora-gcc | 2.12 | 83.18 | NOTE | |||
r-devel-windows-x86_64 | 2.12 | 6.00 | 63.00 | 69.00 | OK | |
r-patched-linux-x86_64 | 2.12 | 2.39 | 52.89 | 55.28 | OK | |
r-release-linux-x86_64 | 2.12 | 2.13 | 52.90 | 55.03 | OK | |
r-release-macos-arm64 | 2.12 | 30.00 | OK | |||
r-release-macos-x86_64 | 2.12 | 74.00 | OK | |||
r-release-windows-x86_64 | 2.12 | 4.00 | 64.00 | 68.00 | OK | |
r-oldrel-macos-arm64 | 2.12 | 38.00 | OK | |||
r-oldrel-macos-x86_64 | 2.12 | 74.00 | OK | |||
r-oldrel-windows-x86_64 | 2.12 | 4.00 | 65.00 | 69.00 | OK |
Version: 2.12
Check: data for non-ASCII characters
Result: NOTE
Note: found 4 marked UTF-8 strings
Flavors: r-devel-linux-x86_64-fedora-clang, r-devel-linux-x86_64-fedora-gcc
These binaries (installable software) and packages are in development.
They may not be fully stable and should be used with caution. We make no claims about them.