Last updated on 2024-05-04 01:48:52 CEST.
Flavor | Version | Tinstall | Tcheck | Ttotal | Status | Flags |
---|---|---|---|---|---|---|
r-devel-linux-x86_64-debian-clang | 2.2.6 | 201.58 | 557.02 | 758.60 | NOTE | |
r-devel-linux-x86_64-fedora-clang | 2.2.6 | 939.24 | NOTE | |||
r-devel-linux-x86_64-fedora-gcc | 2.2.6 | 937.00 | NOTE | |||
r-devel-windows-x86_64 | 2.2.6 | 169.00 | 396.00 | 565.00 | NOTE | |
r-patched-linux-x86_64 | 2.2.6 | 192.20 | 532.17 | 724.37 | NOTE | |
r-release-linux-x86_64 | 2.2.6 | 191.39 | 515.98 | 707.37 | NOTE | |
r-release-macos-arm64 | 2.2.6 | 191.00 | NOTE | |||
r-release-windows-x86_64 | 2.2.6 | 164.00 | 396.00 | 560.00 | NOTE | |
r-oldrel-macos-arm64 | 2.2.6 | 214.00 | NOTE | |||
r-oldrel-macos-x86_64 | 2.2.6 | 390.00 | NOTE | |||
r-oldrel-windows-x86_64 | 2.2.6 | 203.00 | 513.00 | 716.00 | NOTE |
Version: 2.2.6
Check: package dependencies
Result: NOTE
Packages suggested but not available for checking: 'RMark', 'R2ucare'
Flavor: r-devel-linux-x86_64-debian-clang
Version: 2.2.6
Check: for GNU extensions in Makefiles
Result: NOTE
GNU make is a SystemRequirements.
Flavors: r-devel-linux-x86_64-debian-clang, r-devel-linux-x86_64-fedora-clang, r-devel-linux-x86_64-fedora-gcc, r-devel-windows-x86_64, r-patched-linux-x86_64, r-release-linux-x86_64, r-release-macos-arm64, r-release-windows-x86_64, r-oldrel-macos-arm64, r-oldrel-macos-x86_64, r-oldrel-windows-x86_64
Version: 2.2.6
Check: installed package size
Result: NOTE
installed size is 6.3Mb
sub-directories of 1Mb or more:
exampledata 1.5Mb
libs 3.5Mb
Flavors: r-release-macos-arm64, r-oldrel-macos-arm64, r-oldrel-macos-x86_64
These binaries (installable software) and packages are in development.
They may not be fully stable and should be used with caution. We make no claims about them.