Last updated on 2024-05-04 01:48:52 CEST.
Flavor | Version | Tinstall | Tcheck | Ttotal | Status | Flags |
---|---|---|---|---|---|---|
r-devel-linux-x86_64-debian-clang | 1.0.1 | 10.31 | 88.68 | 98.99 | NOTE | |
r-devel-linux-x86_64-fedora-clang | 1.0.1 | 124.78 | NOTE | |||
r-devel-linux-x86_64-fedora-gcc | 1.0.1 | 119.64 | NOTE | |||
r-devel-windows-x86_64 | 1.0.1 | 9.00 | 83.00 | 92.00 | OK | |
r-patched-linux-x86_64 | 1.0.1 | 15.98 | 84.35 | 100.33 | NOTE | |
r-release-linux-x86_64 | 1.0.1 | 11.99 | 85.25 | 97.24 | NOTE | |
r-release-macos-arm64 | 1.0.1 | 47.00 | OK | |||
r-release-windows-x86_64 | 1.0.1 | 10.00 | 81.00 | 91.00 | OK | |
r-oldrel-macos-arm64 | 1.0.1 | 42.00 | OK | |||
r-oldrel-macos-x86_64 | 1.0.1 | 66.00 | OK | |||
r-oldrel-windows-x86_64 | 1.0.1 | 12.00 | 93.00 | 105.00 | OK |
Version: 1.0.1
Check: for non-standard things in the check directory
Result: NOTE
Found the following files/directories:
‘Graph_layout_Doptbd_trtE’
Flavors: r-devel-linux-x86_64-debian-clang, r-devel-linux-x86_64-fedora-clang, r-devel-linux-x86_64-fedora-gcc, r-patched-linux-x86_64, r-release-linux-x86_64
These binaries (installable software) and packages are in development.
They may not be fully stable and should be used with caution. We make no claims about them.