Last updated on 2024-05-04 01:48:52 CEST.
Flavor | Version | Tinstall | Tcheck | Ttotal | Status | Flags |
---|---|---|---|---|---|---|
r-devel-linux-x86_64-debian-clang | 0.1-1 | 55.01 | 83.39 | 138.40 | NOTE | |
r-devel-linux-x86_64-fedora-clang | 0.1-1 | 203.12 | NOTE | |||
r-devel-linux-x86_64-fedora-gcc | 0.1-1 | 181.25 | NOTE | |||
r-devel-windows-x86_64 | 0.1-1 | 47.00 | 91.00 | 138.00 | NOTE | |
r-patched-linux-x86_64 | 0.1-1 | 48.20 | 77.10 | 125.30 | NOTE | |
r-release-linux-x86_64 | 0.1-1 | 60.17 | 77.35 | 137.52 | NOTE | |
r-release-macos-arm64 | 0.1-1 | 45.00 | NOTE | |||
r-release-windows-x86_64 | 0.1-1 | 47.00 | 85.00 | 132.00 | NOTE | |
r-oldrel-macos-arm64 | 0.1-1 | 51.00 | NOTE | |||
r-oldrel-macos-x86_64 | 0.1-1 | 88.00 | NOTE | |||
r-oldrel-windows-x86_64 | 0.1-1 | 42.00 | 116.00 | 158.00 | NOTE |
Version: 0.1-1
Check: LazyData
Result: NOTE
'LazyData' is specified without a 'data' directory
Flavors: r-devel-linux-x86_64-debian-clang, r-devel-linux-x86_64-fedora-clang, r-devel-linux-x86_64-fedora-gcc, r-devel-windows-x86_64, r-patched-linux-x86_64, r-release-linux-x86_64, r-release-macos-arm64, r-release-windows-x86_64, r-oldrel-macos-arm64, r-oldrel-macos-x86_64, r-oldrel-windows-x86_64
These binaries (installable software) and packages are in development.
They may not be fully stable and should be used with caution. We make no claims about them.