Last updated on 2024-05-04 01:48:52 CEST.
Flavor | Version | Tinstall | Tcheck | Ttotal | Status | Flags |
---|---|---|---|---|---|---|
r-devel-linux-x86_64-debian-clang | 1.0.8 | 11.83 | 120.84 | 132.67 | OK | |
r-devel-linux-x86_64-fedora-clang | 1.0.8 | 158.33 | NOTE | |||
r-devel-linux-x86_64-fedora-gcc | 1.0.8 | 166.57 | OK | |||
r-devel-windows-x86_64 | 1.0.8 | 12.00 | 91.00 | 103.00 | OK | --no-vignettes |
r-patched-linux-x86_64 | 1.0.8 | 9.14 | 113.67 | 122.81 | OK | |
r-release-linux-x86_64 | 1.0.8 | 9.15 | 116.71 | 125.86 | OK | |
r-release-macos-arm64 | 1.0.8 | 53.00 | OK | |||
r-release-windows-x86_64 | 1.0.8 | 13.00 | 74.00 | 87.00 | OK | --no-vignettes |
r-oldrel-macos-arm64 | 1.0.8 | 60.00 | OK | |||
r-oldrel-macos-x86_64 | 1.0.8 | 183.00 | OK | |||
r-oldrel-windows-x86_64 | 1.0.8 | 15.00 | 80.00 | 95.00 | OK | --no-vignettes |
Version: 1.0.8
Check: Rd cross-references
Result: NOTE
Undeclared package ‘VGAM’ in Rd xrefs
Flavor: r-devel-linux-x86_64-fedora-clang
These binaries (installable software) and packages are in development.
They may not be fully stable and should be used with caution. We make no claims about them.