Last updated on 2025-10-24 01:50:34 CEST.
| Flavor | Version | Tinstall | Tcheck | Ttotal | Status | Flags |
|---|---|---|---|---|---|---|
| r-devel-linux-x86_64-debian-clang | 0.1.2 | 1.61 | 32.59 | 34.20 | NOTE | |
| r-devel-linux-x86_64-debian-gcc | 0.1.2 | 1.37 | 26.73 | 28.10 | NOTE | |
| r-devel-linux-x86_64-fedora-clang | 0.1.2 | 19.00 | 36.57 | 55.57 | OK | |
| r-devel-linux-x86_64-fedora-gcc | 0.1.2 | 11.00 | 59.12 | 70.12 | OK | |
| r-devel-windows-x86_64 | 0.1.2 | 3.00 | 50.00 | 53.00 | OK | |
| r-patched-linux-x86_64 | 0.1.2 | 1.70 | 30.18 | 31.88 | OK | |
| r-release-linux-x86_64 | 0.1.2 | 1.70 | 29.86 | 31.56 | OK | |
| r-release-macos-arm64 | 0.1.2 | 1.00 | 26.00 | 27.00 | OK | |
| r-release-macos-x86_64 | 0.1.2 | 1.00 | 45.00 | 46.00 | OK | |
| r-release-windows-x86_64 | 0.1.2 | 2.00 | 52.00 | 54.00 | OK | |
| r-oldrel-macos-arm64 | 0.1.2 | 1.00 | 23.00 | 24.00 | NOTE | |
| r-oldrel-macos-x86_64 | 0.1.2 | 1.00 | 34.00 | 35.00 | NOTE | |
| r-oldrel-windows-x86_64 | 0.1.2 | 3.00 | 59.00 | 62.00 | NOTE |
Version: 0.1.2
Check: CRAN incoming feasibility
Result: NOTE
Maintainer: ‘Brodie Gaslam <brodie.gaslam@yahoo.com>’
Found the following (possibly) invalid file URI:
URI: ./Introduction.html
From: inst/doc/nse-fun.html
Flavors: r-devel-linux-x86_64-debian-clang, r-devel-linux-x86_64-debian-gcc
Version: 0.1.2
Check: LazyData
Result: NOTE
'LazyData' is specified without a 'data' directory
Flavors: r-oldrel-macos-arm64, r-oldrel-macos-x86_64, r-oldrel-windows-x86_64
These binaries (installable software) and packages are in development.
They may not be fully stable and should be used with caution. We make no claims about them.