Last updated on 2024-05-04 01:48:52 CEST.
Flavor | Version | Tinstall | Tcheck | Ttotal | Status | Flags |
---|---|---|---|---|---|---|
r-devel-linux-x86_64-debian-clang | 0.4.5 | 11.05 | 78.58 | 89.63 | OK | |
r-devel-linux-x86_64-fedora-clang | 0.4.5 | 109.65 | OK | |||
r-devel-linux-x86_64-fedora-gcc | 0.4.5 | 126.58 | OK | |||
r-devel-windows-x86_64 | 0.4.5 | 11.00 | 76.00 | 87.00 | OK | |
r-patched-linux-x86_64 | 0.4.5 | 9.43 | 74.96 | 84.39 | OK | |
r-release-linux-x86_64 | 0.4.5 | 10.85 | 73.32 | 84.17 | OK | |
r-release-macos-arm64 | 0.4.5 | 41.00 | OK | |||
r-release-windows-x86_64 | 0.4.5 | 10.00 | 74.00 | 84.00 | OK | |
r-oldrel-macos-arm64 | 0.4.5 | 42.00 | NOTE | |||
r-oldrel-macos-x86_64 | 0.4.5 | 72.00 | OK | |||
r-oldrel-windows-x86_64 | 0.4.5 | 12.00 | 82.00 | 94.00 | OK |
Version: 0.4.5
Check: installed package size
Result: NOTE
installed size is 5.1Mb
sub-directories of 1Mb or more:
data 4.0Mb
Flavor: r-oldrel-macos-arm64
These binaries (installable software) and packages are in development.
They may not be fully stable and should be used with caution. We make no claims about them.