Last updated on 2024-05-04 01:48:52 CEST.
Flavor | Version | Tinstall | Tcheck | Ttotal | Status | Flags |
---|---|---|---|---|---|---|
r-devel-linux-x86_64-debian-clang | 0.1.3 | 7.44 | 50.68 | 58.12 | NOTE | |
r-devel-linux-x86_64-fedora-clang | 0.1.3 | 70.33 | NOTE | |||
r-devel-linux-x86_64-fedora-gcc | 0.1.3 | 64.58 | NOTE | |||
r-devel-windows-x86_64 | 0.1.3 | 8.00 | 65.00 | 73.00 | NOTE | |
r-patched-linux-x86_64 | 0.1.3 | 8.02 | 47.92 | 55.94 | NOTE | |
r-release-linux-x86_64 | 0.1.3 | 7.28 | 47.94 | 55.22 | NOTE | |
r-release-macos-arm64 | 0.1.3 | 26.00 | NOTE | |||
r-release-windows-x86_64 | 0.1.3 | 8.00 | 64.00 | 72.00 | NOTE | |
r-oldrel-macos-arm64 | 0.1.3 | 24.00 | NOTE | |||
r-oldrel-macos-x86_64 | 0.1.3 | 41.00 | NOTE | |||
r-oldrel-windows-x86_64 | 0.1.3 | 8.00 | 71.00 | 79.00 | NOTE |
Version: 0.1.3
Check: package subdirectories
Result: NOTE
Problems with news in ‘NEWS.md’:
Cannot extract version info from the following section titles:
Changes
Flavors: r-devel-linux-x86_64-debian-clang, r-devel-linux-x86_64-fedora-clang, r-devel-linux-x86_64-fedora-gcc, r-devel-windows-x86_64, r-patched-linux-x86_64, r-release-linux-x86_64, r-release-macos-arm64, r-release-windows-x86_64, r-oldrel-macos-arm64, r-oldrel-macos-x86_64, r-oldrel-windows-x86_64
These binaries (installable software) and packages are in development.
They may not be fully stable and should be used with caution. We make no claims about them.