Last updated on 2024-05-04 01:48:52 CEST.
Flavor | Version | Tinstall | Tcheck | Ttotal | Status | Flags |
---|---|---|---|---|---|---|
r-devel-linux-x86_64-debian-clang | 1.3.0 | 13.39 | 243.83 | 257.22 | OK | |
r-devel-linux-x86_64-fedora-clang | 1.3.0 | 312.17 | NOTE | |||
r-devel-linux-x86_64-fedora-gcc | 1.3.0 | 327.69 | NOTE | |||
r-devel-windows-x86_64 | 1.3.0 | 13.00 | 174.00 | 187.00 | OK | |
r-patched-linux-x86_64 | 1.3.0 | 12.19 | 233.45 | 245.64 | OK | |
r-release-linux-x86_64 | 1.3.0 | 8.82 | 233.09 | 241.91 | OK | |
r-release-macos-arm64 | 1.3.0 | 89.00 | OK | |||
r-release-macos-x86_64 | 1.3.0 | 229.00 | OK | |||
r-release-windows-x86_64 | 1.3.0 | 11.00 | 173.00 | 184.00 | OK | |
r-oldrel-macos-arm64 | 1.3.0 | 101.00 | OK | |||
r-oldrel-macos-x86_64 | 1.3.0 | 220.00 | OK | |||
r-oldrel-windows-x86_64 | 1.3.0 | 17.00 | 220.00 | 237.00 | OK |
Version: 1.3.0
Check: data for non-ASCII characters
Result: NOTE
Note: found 314 marked UTF-8 strings
Flavors: r-devel-linux-x86_64-fedora-clang, r-devel-linux-x86_64-fedora-gcc
These binaries (installable software) and packages are in development.
They may not be fully stable and should be used with caution. We make no claims about them.