Last updated on 2024-05-04 01:48:52 CEST.
Flavor | Version | Tinstall | Tcheck | Ttotal | Status | Flags |
---|---|---|---|---|---|---|
r-devel-linux-x86_64-debian-clang | 0.0.9 | 9.77 | 76.83 | 86.60 | NOTE | |
r-devel-linux-x86_64-fedora-clang | 0.0.9 | 115.92 | NOTE | |||
r-devel-linux-x86_64-fedora-gcc | 0.0.9 | 130.82 | NOTE | |||
r-devel-windows-x86_64 | 0.0.9 | 7.00 | 77.00 | 84.00 | NOTE | |
r-patched-linux-x86_64 | 0.0.9 | 9.19 | 72.68 | 81.87 | NOTE | |
r-release-linux-x86_64 | 0.0.9 | 6.40 | 74.34 | 80.74 | NOTE | |
r-release-macos-arm64 | 0.0.9 | 42.00 | NOTE | |||
r-release-macos-x86_64 | 0.0.9 | 84.00 | NOTE | |||
r-release-windows-x86_64 | 0.0.9 | 8.00 | 74.00 | 82.00 | NOTE | |
r-oldrel-macos-arm64 | 0.0.9 | 47.00 | NOTE | |||
r-oldrel-macos-x86_64 | 0.0.9 | 82.00 | NOTE | |||
r-oldrel-windows-x86_64 | 0.0.9 | 10.00 | 85.00 | 95.00 | NOTE |
Version: 0.0.9
Check: package dependencies
Result: NOTE
Package which this enhances but not available for checking: ‘CorShrink’
Flavors: r-devel-linux-x86_64-debian-clang, r-devel-linux-x86_64-fedora-clang, r-devel-linux-x86_64-fedora-gcc, r-devel-windows-x86_64, r-patched-linux-x86_64, r-release-linux-x86_64, r-release-macos-arm64, r-release-macos-x86_64, r-release-windows-x86_64, r-oldrel-macos-arm64, r-oldrel-macos-x86_64, r-oldrel-windows-x86_64
These binaries (installable software) and packages are in development.
They may not be fully stable and should be used with caution. We make no claims about them.