Last updated on 2024-05-04 01:48:52 CEST.
Flavor | Version | Tinstall | Tcheck | Ttotal | Status | Flags |
---|---|---|---|---|---|---|
r-devel-linux-x86_64-debian-clang | 0.5.5 | 15.32 | 125.90 | 141.22 | NOTE | |
r-devel-linux-x86_64-fedora-clang | 0.5.5 | 176.87 | NOTE | |||
r-devel-linux-x86_64-fedora-gcc | 0.5.5 | 168.68 | NOTE | |||
r-devel-windows-x86_64 | 0.5.5 | 15.00 | 111.00 | 126.00 | NOTE | |
r-patched-linux-x86_64 | 0.5.5 | 17.23 | 121.37 | 138.60 | NOTE | |
r-release-linux-x86_64 | 0.5.5 | 17.38 | 122.12 | 139.50 | NOTE | |
r-release-macos-arm64 | 0.5.5 | 45.00 | OK | |||
r-release-windows-x86_64 | 0.5.5 | 15.00 | 106.00 | 121.00 | NOTE | |
r-oldrel-macos-arm64 | 0.5.5 | 52.00 | OK | |||
r-oldrel-macos-x86_64 | 0.5.5 | 90.00 | OK | |||
r-oldrel-windows-x86_64 | 0.5.5 | 19.00 | 131.00 | 150.00 | OK |
Version: 0.5.5
Check: HTML version of manual
Result: NOTE
Found the following HTML validation problems:
pvargmm.html:141:282 (pvargmm.Rd:79): Warning: trimming empty <p>
Flavors: r-devel-linux-x86_64-debian-clang, r-devel-linux-x86_64-fedora-clang, r-devel-linux-x86_64-fedora-gcc, r-devel-windows-x86_64, r-patched-linux-x86_64, r-release-linux-x86_64, r-release-windows-x86_64
These binaries (installable software) and packages are in development.
They may not be fully stable and should be used with caution. We make no claims about them.