Last updated on 2024-05-04 01:48:52 CEST.
Flavor | Version | Tinstall | Tcheck | Ttotal | Status | Flags |
---|---|---|---|---|---|---|
r-devel-linux-x86_64-debian-clang | 0.1.0 | 7.49 | 71.09 | 78.58 | NOTE | |
r-devel-linux-x86_64-fedora-clang | 0.1.0 | 100.52 | NOTE | |||
r-devel-linux-x86_64-fedora-gcc | 0.1.0 | 93.09 | NOTE | |||
r-devel-windows-x86_64 | 0.1.0 | 9.00 | 71.00 | 80.00 | NOTE | |
r-patched-linux-x86_64 | 0.1.0 | 10.37 | 68.67 | 79.04 | NOTE | |
r-release-linux-x86_64 | 0.1.0 | 5.88 | 67.38 | 73.26 | NOTE | |
r-release-macos-arm64 | 0.1.0 | 30.00 | NOTE | |||
r-release-windows-x86_64 | 0.1.0 | 9.00 | 66.00 | 75.00 | NOTE | |
r-oldrel-macos-arm64 | 0.1.0 | 31.00 | OK | |||
r-oldrel-macos-x86_64 | 0.1.0 | 45.00 | OK | |||
r-oldrel-windows-x86_64 | 0.1.0 | 10.00 | 78.00 | 88.00 | OK |
Version: 0.1.0
Check: Rd files
Result: NOTE
checkRd: (-1) agreement.Rd:52: Lost braces in \itemize; meant \describe ?
checkRd: (-1) agreement.Rd:53-54: Lost braces in \itemize; meant \describe ?
checkRd: (-1) agreement.Rd:55: Lost braces in \itemize; meant \describe ?
checkRd: (-1) agreement.Rd:56: Lost braces in \itemize; meant \describe ?
checkRd: (-1) agreement.Rd:57: Lost braces in \itemize; meant \describe ?
checkRd: (-1) agreement.Rd:58: Lost braces in \itemize; meant \describe ?
checkRd: (-1) papciUI.Rd:33: Lost braces in \itemize; meant \describe ?
checkRd: (-1) papciUI.Rd:34-35: Lost braces in \itemize; meant \describe ?
checkRd: (-1) papciUI.Rd:36: Lost braces in \itemize; meant \describe ?
checkRd: (-1) papciUI.Rd:37: Lost braces in \itemize; meant \describe ?
checkRd: (-1) papciUI.Rd:38: Lost braces in \itemize; meant \describe ?
checkRd: (-1) papciUI.Rd:39: Lost braces in \itemize; meant \describe ?
Flavors: r-devel-linux-x86_64-debian-clang, r-devel-linux-x86_64-fedora-clang, r-devel-linux-x86_64-fedora-gcc, r-devel-windows-x86_64, r-patched-linux-x86_64, r-release-linux-x86_64, r-release-macos-arm64, r-release-windows-x86_64
Version: 0.1.0
Check: dependencies in R code
Result: NOTE
Namespace in Imports field not imported from: ‘DT’
All declared Imports should be used.
Flavors: r-devel-linux-x86_64-fedora-clang, r-devel-linux-x86_64-fedora-gcc
These binaries (installable software) and packages are in development.
They may not be fully stable and should be used with caution. We make no claims about them.