Last updated on 2024-05-04 01:48:52 CEST.
Flavor | Version | Tinstall | Tcheck | Ttotal | Status | Flags |
---|---|---|---|---|---|---|
r-devel-linux-x86_64-debian-clang | 0.2.6 | 73.61 | 138.50 | 212.11 | NOTE | |
r-devel-linux-x86_64-fedora-clang | 0.2.6 | 289.65 | NOTE | |||
r-devel-linux-x86_64-fedora-gcc | 0.2.6 | 292.85 | NOTE | |||
r-devel-windows-x86_64 | 0.2.6 | 62.00 | 158.00 | 220.00 | NOTE | |
r-patched-linux-x86_64 | 0.2.6 | 75.12 | 133.43 | 208.55 | NOTE | |
r-release-linux-x86_64 | 0.2.6 | 70.18 | 132.23 | 202.41 | NOTE | |
r-release-macos-arm64 | 0.2.6 | 66.00 | NOTE | |||
r-release-windows-x86_64 | 0.2.6 | 62.00 | 158.00 | 220.00 | NOTE | |
r-oldrel-macos-arm64 | 0.2.6 | 74.00 | NOTE | |||
r-oldrel-macos-x86_64 | 0.2.6 | 142.00 | NOTE | |||
r-oldrel-windows-x86_64 | 0.2.6 | 74.00 | 176.00 | 250.00 | NOTE |
Version: 0.2.6
Check: C++ specification
Result: NOTE
Specified C++11: please drop specification unless essential
Flavors: r-devel-linux-x86_64-debian-clang, r-devel-linux-x86_64-fedora-clang, r-devel-linux-x86_64-fedora-gcc, r-devel-windows-x86_64, r-patched-linux-x86_64, r-release-linux-x86_64, r-release-macos-arm64, r-release-windows-x86_64, r-oldrel-macos-arm64, r-oldrel-macos-x86_64, r-oldrel-windows-x86_64
These binaries (installable software) and packages are in development.
They may not be fully stable and should be used with caution. We make no claims about them.