Last updated on 2024-05-04 01:48:52 CEST.
Flavor | Version | Tinstall | Tcheck | Ttotal | Status | Flags |
---|---|---|---|---|---|---|
r-devel-linux-x86_64-debian-clang | 0.0.5 | 59.07 | 473.59 | 532.66 | NOTE | |
r-devel-linux-x86_64-fedora-clang | 0.0.5 | 619.26 | NOTE | |||
r-devel-linux-x86_64-fedora-gcc | 0.0.5 | 542.31 | NOTE | |||
r-devel-windows-x86_64 | 0.0.5 | 44.00 | 281.00 | 325.00 | NOTE | |
r-patched-linux-x86_64 | 0.0.5 | 59.55 | 443.71 | 503.26 | NOTE | |
r-release-linux-x86_64 | 0.0.5 | 36.03 | 433.22 | 469.25 | NOTE | |
r-release-macos-arm64 | 0.0.5 | 116.00 | NOTE | |||
r-release-windows-x86_64 | 0.0.5 | 44.00 | 282.00 | 326.00 | NOTE | |
r-oldrel-macos-arm64 | 0.0.5 | 140.00 | OK | |||
r-oldrel-macos-x86_64 | 0.0.5 | 314.00 | OK | |||
r-oldrel-windows-x86_64 | 0.0.5 | 63.00 | 381.00 | 444.00 | OK |
Version: 0.0.5
Check: Rd files
Result: NOTE
checkRd: (-1) plotHeat.Rd:113: Lost braces
113 | code{\link[patternize]{patPCA}}, as 'one' when visualizing single image or as 'multi' for multi
| ^
Flavors: r-devel-linux-x86_64-debian-clang, r-devel-linux-x86_64-fedora-clang, r-devel-linux-x86_64-fedora-gcc, r-devel-windows-x86_64, r-patched-linux-x86_64, r-release-linux-x86_64, r-release-macos-arm64, r-release-windows-x86_64
These binaries (installable software) and packages are in development.
They may not be fully stable and should be used with caution. We make no claims about them.