Last updated on 2024-05-04 01:48:52 CEST.
Flavor | Version | Tinstall | Tcheck | Ttotal | Status | Flags |
---|---|---|---|---|---|---|
r-devel-linux-x86_64-debian-clang | 2.9.0 | 20.39 | 255.15 | 275.54 | OK | |
r-devel-linux-x86_64-fedora-clang | 2.9.0 | 334.28 | NOTE | |||
r-devel-linux-x86_64-fedora-gcc | 2.9.0 | 324.25 | OK | |||
r-devel-windows-x86_64 | 2.9.0 | 16.00 | 178.00 | 194.00 | OK | |
r-patched-linux-x86_64 | 2.9.0 | 22.29 | 233.94 | 256.23 | OK | |
r-release-linux-x86_64 | 2.9.0 | 19.24 | 237.59 | 256.83 | OK | |
r-release-macos-arm64 | 2.9.0 | 138.00 | OK | |||
r-release-windows-x86_64 | 2.9.0 | 15.00 | 171.00 | 186.00 | OK | |
r-oldrel-macos-arm64 | 2.9.0 | 81.00 | OK | |||
r-oldrel-macos-x86_64 | 2.9.0 | 254.00 | OK | |||
r-oldrel-windows-x86_64 | 2.9.0 | 17.00 | 204.00 | 221.00 | OK |
Version: 2.9.0
Check: Rd cross-references
Result: NOTE
Undeclared package ‘future’ in Rd xrefs
Flavor: r-devel-linux-x86_64-fedora-clang
These binaries (installable software) and packages are in development.
They may not be fully stable and should be used with caution. We make no claims about them.