CRAN Package Check Results for Package pcvr

Last updated on 2025-10-23 07:49:55 CEST.

Flavor Version Tinstall Tcheck Ttotal Status Flags
r-devel-linux-x86_64-debian-clang 1.3.1 29.43 615.15 644.58 NOTE
r-devel-linux-x86_64-debian-gcc 1.3.1 19.47 427.55 447.02 OK
r-devel-linux-x86_64-fedora-clang 1.3.1 165.00 902.59 1067.59 OK
r-devel-linux-x86_64-fedora-gcc 1.3.1 62.00 938.19 1000.19 OK
r-devel-windows-x86_64 1.3.1 31.00 568.00 599.00 OK
r-patched-linux-x86_64 1.3.1 28.92 593.54 622.46 OK
r-release-linux-x86_64 1.3.1 26.73 596.22 622.95 OK
r-release-macos-arm64 1.3.1 11.00 238.00 249.00 OK
r-release-macos-x86_64 1.3.1 23.00 533.00 556.00 OK
r-release-windows-x86_64 1.3.1 30.00 576.00 606.00 OK
r-oldrel-macos-arm64 1.3.1 12.00 242.00 254.00 NOTE
r-oldrel-macos-x86_64 1.3.1 24.00 533.00 557.00 NOTE
r-oldrel-windows-x86_64 1.3.1 45.00 765.00 810.00 NOTE

Check Details

Version: 1.3.1
Check: HTML version of manual
Result: NOTE Found the following HTML validation problems: summary.conjugate.html:51:1 (summary.conjugate.Rd:12): Warning: missing </ul> before </div> summary.pcvrss.html:52:1 (summary.pcvrss.Rd:13): Warning: missing </ul> before </div> Flavor: r-devel-linux-x86_64-debian-clang

Version: 1.3.1
Check: package dependencies
Result: NOTE Package suggested but not available for checking: ‘cmdstanr’ Flavors: r-oldrel-macos-arm64, r-oldrel-macos-x86_64, r-oldrel-windows-x86_64

These binaries (installable software) and packages are in development.
They may not be fully stable and should be used with caution. We make no claims about them.