Last updated on 2025-10-23 17:50:57 CEST.
| Flavor | Version | Tinstall | Tcheck | Ttotal | Status | Flags |
|---|---|---|---|---|---|---|
| r-devel-linux-x86_64-debian-clang | 0.5.0 | 7.35 | 66.41 | 73.76 | NOTE | |
| r-devel-linux-x86_64-debian-gcc | 0.5.0 | 4.84 | 49.15 | 53.99 | OK | |
| r-devel-linux-x86_64-fedora-clang | 0.5.0 | 39.00 | 81.21 | 120.21 | NOTE | |
| r-devel-linux-x86_64-fedora-gcc | 0.5.0 | 14.00 | 87.94 | 101.94 | NOTE | |
| r-devel-windows-x86_64 | 0.5.0 | 9.00 | 79.00 | 88.00 | OK | |
| r-patched-linux-x86_64 | 0.5.0 | 6.74 | 61.58 | 68.32 | OK | |
| r-release-linux-x86_64 | 0.5.0 | 6.27 | 61.92 | 68.19 | OK | |
| r-release-macos-arm64 | 0.5.0 | 3.00 | 26.00 | 29.00 | OK | |
| r-release-macos-x86_64 | 0.5.0 | 9.00 | 49.00 | 58.00 | OK | |
| r-release-windows-x86_64 | 0.5.0 | 9.00 | 77.00 | 86.00 | OK | |
| r-oldrel-macos-arm64 | 0.5.0 | 3.00 | 27.00 | 30.00 | OK | |
| r-oldrel-macos-x86_64 | 0.5.0 | 4.00 | 41.00 | 45.00 | OK | |
| r-oldrel-windows-x86_64 | 0.5.0 | 12.00 | 96.00 | 108.00 | OK |
Version: 0.5.0
Check: HTML version of manual
Result: NOTE
Found the following HTML validation problems:
b_rcs.html:56:1 (b_rcs.Rd:14): Warning: missing </ul> before </div>
b_rcs_prime.html:51:1 (b_rcs_prime.Rd:12): Warning: missing </ul> before </div>
plot_per_mod.html:131:1 (plot_per_mod.Rd:54): Warning: missing </ul> before </div>
rcs_per.html:78:1 (rcs_per.Rd:34): Warning: missing </ul> before </div>
Flavor: r-devel-linux-x86_64-debian-clang
Version: 0.5.0
Check: dependencies in R code
Result: NOTE
Namespace in Imports field not imported from: ‘rms’
All declared Imports should be used.
Flavors: r-devel-linux-x86_64-fedora-clang, r-devel-linux-x86_64-fedora-gcc
These binaries (installable software) and packages are in development.
They may not be fully stable and should be used with caution. We make no claims about them.