Last updated on 2024-05-04 01:48:52 CEST.
Flavor | Version | Tinstall | Tcheck | Ttotal | Status | Flags |
---|---|---|---|---|---|---|
r-devel-linux-x86_64-debian-clang | 0.0.1 | 90.37 | 132.20 | 222.57 | NOTE | |
r-devel-linux-x86_64-fedora-clang | 0.0.1 | 300.55 | NOTE | |||
r-devel-linux-x86_64-fedora-gcc | 0.0.1 | 298.44 | NOTE | |||
r-devel-windows-x86_64 | 0.0.1 | 68.00 | 119.00 | 187.00 | NOTE | |
r-patched-linux-x86_64 | 0.0.1 | 64.06 | 128.94 | 193.00 | NOTE | |
r-release-linux-x86_64 | 0.0.1 | 67.25 | 130.78 | 198.03 | NOTE | |
r-release-macos-arm64 | 0.0.1 | 68.00 | NOTE | |||
r-release-windows-x86_64 | 0.0.1 | 65.00 | 121.00 | 186.00 | NOTE | |
r-oldrel-macos-arm64 | 0.0.1 | 87.00 | NOTE | |||
r-oldrel-macos-x86_64 | 0.0.1 | 128.00 | NOTE | |||
r-oldrel-windows-x86_64 | 0.0.1 | 83.00 | 154.00 | 237.00 | NOTE |
Version: 0.0.1
Check: C++ specification
Result: NOTE
Specified C++11: please drop specification unless essential
Flavors: r-devel-linux-x86_64-debian-clang, r-devel-linux-x86_64-fedora-clang, r-devel-linux-x86_64-fedora-gcc, r-devel-windows-x86_64, r-patched-linux-x86_64, r-release-linux-x86_64, r-release-macos-arm64, r-release-windows-x86_64, r-oldrel-macos-arm64, r-oldrel-macos-x86_64, r-oldrel-windows-x86_64
Version: 0.0.1
Check: LazyData
Result: NOTE
'LazyData' is specified without a 'data' directory
Flavors: r-devel-linux-x86_64-debian-clang, r-devel-linux-x86_64-fedora-clang, r-devel-linux-x86_64-fedora-gcc, r-devel-windows-x86_64, r-patched-linux-x86_64, r-release-linux-x86_64, r-release-macos-arm64, r-release-windows-x86_64, r-oldrel-macos-arm64, r-oldrel-macos-x86_64, r-oldrel-windows-x86_64
Version: 0.0.1
Check: installed package size
Result: NOTE
installed size is 11.2Mb
sub-directories of 1Mb or more:
libs 10.9Mb
Flavors: r-release-macos-arm64, r-oldrel-macos-arm64, r-oldrel-macos-x86_64
These binaries (installable software) and packages are in development.
They may not be fully stable and should be used with caution. We make no claims about them.