Last updated on 2025-10-23 11:50:22 CEST.
Flavor | Version | Tinstall | Tcheck | Ttotal | Status | Flags |
---|---|---|---|---|---|---|
r-devel-linux-x86_64-debian-clang | 1.2-5 | 15.66 | 177.57 | 193.23 | NOTE | |
r-devel-linux-x86_64-debian-gcc | 1.2-5 | 10.53 | 119.28 | 129.81 | OK | |
r-devel-linux-x86_64-fedora-clang | 1.2-5 | 63.00 | 253.74 | 316.74 | OK | |
r-devel-linux-x86_64-fedora-gcc | 1.2-5 | 41.00 | 250.33 | 291.33 | OK | |
r-devel-windows-x86_64 | 1.2-5 | 17.00 | 196.00 | 213.00 | OK | |
r-patched-linux-x86_64 | 1.2-5 | 15.54 | 172.88 | 188.42 | OK | |
r-release-linux-x86_64 | 1.2-5 | 15.40 | 172.25 | 187.65 | OK | |
r-release-macos-arm64 | 1.2-5 | 7.00 | 82.00 | 89.00 | OK | |
r-release-macos-x86_64 | 1.2-5 | 16.00 | 157.00 | 173.00 | OK | |
r-release-windows-x86_64 | 1.2-5 | 18.00 | 226.00 | 244.00 | OK | |
r-oldrel-macos-arm64 | 1.2-5 | 7.00 | 78.00 | 85.00 | OK | |
r-oldrel-macos-x86_64 | 1.2-5 | 16.00 | 169.00 | 185.00 | OK | |
r-oldrel-windows-x86_64 | 1.2-5 | 26.00 | 237.00 | 263.00 | OK |
Version: 1.2-5
Check: HTML version of manual
Result: NOTE
Found the following HTML validation problems:
eco.xxx.regression.list.html:61:1 (eco.xxx.regression.list.Rd:21): Warning: missing </ul> before </div>
Flavor: r-devel-linux-x86_64-debian-clang
These binaries (installable software) and packages are in development.
They may not be fully stable and should be used with caution. We make no claims about them.