Last updated on 2024-05-04 01:48:52 CEST.
Flavor | Version | Tinstall | Tcheck | Ttotal | Status | Flags |
---|---|---|---|---|---|---|
r-devel-linux-x86_64-debian-clang | 0.2.1 | 177.23 | 343.14 | 520.37 | NOTE | |
r-devel-linux-x86_64-fedora-clang | 0.2.1 | 622.17 | NOTE | |||
r-devel-linux-x86_64-fedora-gcc | 0.2.1 | 437.65 | NOTE | |||
r-devel-windows-x86_64 | 0.2.1 | 139.00 | 277.00 | 416.00 | NOTE | |
r-patched-linux-x86_64 | 0.2.1 | 134.41 | 389.77 | 524.18 | NOTE | |
r-release-linux-x86_64 | 0.2.1 | 131.99 | 386.83 | 518.82 | NOTE | |
r-release-macos-arm64 | 0.2.1 | 137.00 | NOTE | |||
r-release-windows-x86_64 | 0.2.1 | 136.00 | 276.00 | 412.00 | NOTE | |
r-oldrel-macos-arm64 | 0.2.1 | 111.00 | NOTE | |||
r-oldrel-macos-x86_64 | 0.2.1 | 249.00 | NOTE | |||
r-oldrel-windows-x86_64 | 0.2.1 | 173.00 | 339.00 | 512.00 | NOTE |
Version: 0.2.1
Check: for GNU extensions in Makefiles
Result: NOTE
GNU make is a SystemRequirements.
Flavors: r-devel-linux-x86_64-debian-clang, r-devel-linux-x86_64-fedora-clang, r-devel-linux-x86_64-fedora-gcc, r-devel-windows-x86_64, r-patched-linux-x86_64, r-release-linux-x86_64, r-release-macos-arm64, r-release-windows-x86_64, r-oldrel-macos-arm64, r-oldrel-macos-x86_64, r-oldrel-windows-x86_64
Version: 0.2.1
Check: installed package size
Result: NOTE
installed size is 40.7Mb
sub-directories of 1Mb or more:
libs 40.4Mb
Flavors: r-release-macos-arm64, r-oldrel-macos-arm64, r-oldrel-macos-x86_64
These binaries (installable software) and packages are in development.
They may not be fully stable and should be used with caution. We make no claims about them.