Last updated on 2024-05-04 01:48:53 CEST.
Flavor | Version | Tinstall | Tcheck | Ttotal | Status | Flags |
---|---|---|---|---|---|---|
r-devel-linux-x86_64-debian-clang | 3.7.6 | 399.69 | 41.83 | 441.52 | OK | |
r-devel-linux-x86_64-fedora-clang | 3.7.6 | 782.45 | OK | |||
r-devel-linux-x86_64-fedora-gcc | 3.7.6 | 771.05 | OK | |||
r-devel-windows-x86_64 | 3.7.6 | 499.00 | 101.00 | 600.00 | OK | |
r-patched-linux-x86_64 | 3.7.6 | 474.59 | 40.70 | 515.29 | OK | |
r-release-linux-x86_64 | 3.7.6 | 459.50 | 39.63 | 499.13 | OK | |
r-release-macos-arm64 | 3.7.6 | 155.00 | NOTE | |||
r-release-windows-x86_64 | 3.7.6 | 499.00 | 108.00 | 607.00 | OK | |
r-oldrel-macos-arm64 | 3.7.6 | 172.00 | NOTE | |||
r-oldrel-macos-x86_64 | 3.7.6 | 160.00 | NOTE | |||
r-oldrel-windows-x86_64 | 3.7.6 | 444.00 | 119.00 | 563.00 | OK |
Version: 3.7.6
Check: installed package size
Result: NOTE
installed size is 45.7Mb
sub-directories of 1Mb or more:
libs 44.9Mb
Flavors: r-release-macos-arm64, r-oldrel-macos-arm64, r-oldrel-macos-x86_64
These binaries (installable software) and packages are in development.
They may not be fully stable and should be used with caution. We make no claims about them.