Last updated on 2024-05-04 01:48:53 CEST.
Flavor | Version | Tinstall | Tcheck | Ttotal | Status | Flags |
---|---|---|---|---|---|---|
r-devel-linux-x86_64-debian-clang | 1.1.4 | 218.28 | 453.05 | 671.33 | OK | |
r-devel-linux-x86_64-fedora-clang | 1.1.4 | 853.99 | NOTE | |||
r-devel-linux-x86_64-fedora-gcc | 1.1.4 | 1016.39 | OK | |||
r-devel-windows-x86_64 | 1.1.4 | 155.00 | 396.00 | 551.00 | OK | |
r-patched-linux-x86_64 | 1.1.4 | 226.29 | 433.67 | 659.96 | OK | |
r-release-linux-x86_64 | 1.1.4 | 210.13 | 443.96 | 654.09 | OK | |
r-release-macos-arm64 | 1.1.4 | 240.00 | NOTE | |||
r-release-macos-x86_64 | 1.1.4 | 384.00 | NOTE | |||
r-release-windows-x86_64 | 1.1.4 | 156.00 | 395.00 | 551.00 | OK | |
r-oldrel-macos-arm64 | 1.1.4 | 238.00 | NOTE | |||
r-oldrel-macos-x86_64 | 1.1.4 | 359.00 | NOTE | |||
r-oldrel-windows-x86_64 | 1.1.4 | 231.00 | 487.00 | 718.00 | OK |
Version: 1.1.4
Check: installed package size
Result: NOTE
installed size is 5.2Mb
sub-directories of 1Mb or more:
libs 4.5Mb
Flavors: r-devel-linux-x86_64-fedora-clang, r-release-macos-arm64, r-release-macos-x86_64, r-oldrel-macos-arm64, r-oldrel-macos-x86_64
These binaries (installable software) and packages are in development.
They may not be fully stable and should be used with caution. We make no claims about them.