Last updated on 2024-05-04 01:48:53 CEST.
Flavor | Version | Tinstall | Tcheck | Ttotal | Status | Flags |
---|---|---|---|---|---|---|
r-devel-linux-x86_64-debian-clang | 0.2.3 | 15.85 | 180.28 | 196.13 | NOTE | |
r-devel-linux-x86_64-fedora-clang | 0.2.3 | 244.08 | NOTE | |||
r-devel-linux-x86_64-fedora-gcc | 0.2.3 | 249.72 | NOTE | |||
r-devel-windows-x86_64 | 0.2.3 | 11.00 | 131.00 | 142.00 | NOTE | |
r-patched-linux-x86_64 | 0.2.3 | 10.28 | 174.99 | 185.27 | NOTE | |
r-release-linux-x86_64 | 0.2.3 | 8.75 | 180.47 | 189.22 | NOTE | |
r-release-macos-arm64 | 0.2.3 | 67.00 | NOTE | |||
r-release-windows-x86_64 | 0.2.3 | 13.00 | 129.00 | 142.00 | NOTE | |
r-oldrel-macos-arm64 | 0.2.3 | 71.00 | NOTE | |||
r-oldrel-macos-x86_64 | 0.2.3 | 115.00 | NOTE | |||
r-oldrel-windows-x86_64 | 0.2.3 | 16.00 | 161.00 | 177.00 | NOTE |
Version: 0.2.3
Check: package subdirectories
Result: NOTE
Problems with news in ‘NEWS.md’:
No news entries found.
Flavors: r-devel-linux-x86_64-debian-clang, r-devel-linux-x86_64-fedora-clang, r-devel-linux-x86_64-fedora-gcc, r-devel-windows-x86_64, r-patched-linux-x86_64, r-release-linux-x86_64, r-release-macos-arm64, r-release-windows-x86_64, r-oldrel-macos-arm64, r-oldrel-macos-x86_64, r-oldrel-windows-x86_64
These binaries (installable software) and packages are in development.
They may not be fully stable and should be used with caution. We make no claims about them.