Last updated on 2024-05-04 01:48:53 CEST.
Flavor | Version | Tinstall | Tcheck | Ttotal | Status | Flags |
---|---|---|---|---|---|---|
r-devel-linux-x86_64-debian-clang | 1.2.3 | 6.84 | 77.50 | 84.34 | OK | |
r-devel-linux-x86_64-fedora-clang | 1.2.3 | 109.98 | OK | |||
r-devel-linux-x86_64-fedora-gcc | 1.2.3 | 116.34 | OK | |||
r-devel-windows-x86_64 | 1.2.3 | 8.00 | 79.00 | 87.00 | OK | |
r-patched-linux-x86_64 | 1.2.3 | 7.68 | 73.98 | 81.66 | OK | |
r-release-linux-x86_64 | 1.2.3 | 5.99 | 76.75 | 82.74 | OK | |
r-release-macos-arm64 | 1.2.3 | 38.00 | OK | |||
r-release-windows-x86_64 | 1.2.3 | 8.00 | 77.00 | 85.00 | OK | |
r-oldrel-macos-arm64 | 1.2.3 | 40.00 | OK | |||
r-oldrel-macos-x86_64 | 1.2.3 | 59.00 | NOTE | |||
r-oldrel-windows-x86_64 | 1.2.3 | 9.00 | 88.00 | 97.00 | OK |
Version: 1.2.3
Check: package dependencies
Result: NOTE
Package suggested but not available for checking: ‘httk’
Flavor: r-oldrel-macos-x86_64
These binaries (installable software) and packages are in development.
They may not be fully stable and should be used with caution. We make no claims about them.