Last updated on 2025-10-23 21:51:36 CEST.
| Flavor | Version | Tinstall | Tcheck | Ttotal | Status | Flags |
|---|---|---|---|---|---|---|
| r-devel-linux-x86_64-debian-clang | 1.4-6 | 3.40 | 105.51 | 108.91 | NOTE | |
| r-devel-linux-x86_64-debian-gcc | 1.4-6 | 2.88 | 64.18 | 67.06 | OK | |
| r-devel-linux-x86_64-fedora-clang | 1.4-6 | 172.02 | OK | |||
| r-devel-linux-x86_64-fedora-gcc | 1.4-6 | 13.00 | 170.64 | 183.64 | OK | |
| r-devel-windows-x86_64 | 1.4-6 | 5.00 | 114.00 | 119.00 | OK | |
| r-patched-linux-x86_64 | 1.4-6 | 4.05 | 100.20 | 104.25 | OK | |
| r-release-linux-x86_64 | 1.4-6 | 3.93 | 99.43 | 103.36 | OK | |
| r-release-macos-arm64 | 1.4-6 | 2.00 | 50.00 | 52.00 | OK | |
| r-release-macos-x86_64 | 1.4-6 | 3.00 | 95.00 | 98.00 | OK | |
| r-release-windows-x86_64 | 1.4-6 | 5.00 | 109.00 | 114.00 | OK | |
| r-oldrel-macos-arm64 | 1.4-6 | 2.00 | 54.00 | 56.00 | OK | |
| r-oldrel-macos-x86_64 | 1.4-6 | 3.00 | 76.00 | 79.00 | OK | |
| r-oldrel-windows-x86_64 | 1.4-6 | 5.00 | 142.00 | 147.00 | OK |
Version: 1.4-6
Check: HTML version of manual
Result: NOTE
Found the following HTML validation problems:
PhotosynTuzet.html:70:1 (PhotosynTuzet.Rd:22): Warning: missing </ul> before </div>
Flavor: r-devel-linux-x86_64-debian-clang
These binaries (installable software) and packages are in development.
They may not be fully stable and should be used with caution. We make no claims about them.