Last updated on 2024-05-04 01:48:53 CEST.
Flavor | Version | Tinstall | Tcheck | Ttotal | Status | Flags |
---|---|---|---|---|---|---|
r-devel-linux-x86_64-debian-clang | 1.6.2 | 2.78 | 98.85 | 101.63 | OK | |
r-devel-linux-x86_64-fedora-clang | 1.6.2 | 139.20 | NOTE | |||
r-devel-linux-x86_64-fedora-gcc | 1.6.2 | 148.20 | OK | |||
r-devel-windows-x86_64 | 1.6.2 | 5.00 | 64.00 | 69.00 | OK | |
r-patched-linux-x86_64 | 1.6.2 | 3.75 | 99.58 | 103.33 | OK | |
r-release-linux-x86_64 | 1.6.2 | 2.66 | 97.03 | 99.69 | OK | |
r-release-macos-arm64 | 1.6.2 | 26.00 | OK | |||
r-release-windows-x86_64 | 1.6.2 | 5.00 | 63.00 | 68.00 | OK | |
r-oldrel-macos-arm64 | 1.6.2 | 29.00 | OK | |||
r-oldrel-macos-x86_64 | 1.6.2 | 46.00 | OK | |||
r-oldrel-windows-x86_64 | 1.6.2 | 3.00 | 65.00 | 68.00 | OK |
Version: 1.6.2
Check: Rd cross-references
Result: NOTE
Undeclared package ‘exams’ in Rd xrefs
Flavor: r-devel-linux-x86_64-fedora-clang
These binaries (installable software) and packages are in development.
They may not be fully stable and should be used with caution. We make no claims about them.