Last updated on 2024-05-04 01:48:53 CEST.
Flavor | Version | Tinstall | Tcheck | Ttotal | Status | Flags |
---|---|---|---|---|---|---|
r-devel-linux-x86_64-debian-clang | 0.9.3 | 11.56 | 140.35 | 151.91 | OK | |
r-devel-linux-x86_64-fedora-clang | 0.9.3 | 190.27 | NOTE | |||
r-devel-linux-x86_64-fedora-gcc | 0.9.3 | 201.24 | NOTE | |||
r-devel-windows-x86_64 | 0.9.3 | 12.00 | 116.00 | 128.00 | OK | |
r-patched-linux-x86_64 | 0.9.3 | 14.36 | 130.81 | 145.17 | OK | |
r-release-linux-x86_64 | 0.9.3 | 11.44 | 134.75 | 146.19 | OK | |
r-release-macos-arm64 | 0.9.3 | 54.00 | OK | |||
r-release-windows-x86_64 | 0.9.3 | 11.00 | 119.00 | 130.00 | OK | |
r-oldrel-macos-arm64 | 0.9.3 | 60.00 | OK | |||
r-oldrel-macos-x86_64 | 0.9.3 | 142.00 | OK | |||
r-oldrel-windows-x86_64 | 0.9.3 | 15.00 | 140.00 | 155.00 | OK |
Version: 0.9.3
Check: data for non-ASCII characters
Result: NOTE
Note: found 52 marked UTF-8 strings
Flavors: r-devel-linux-x86_64-fedora-clang, r-devel-linux-x86_64-fedora-gcc
These binaries (installable software) and packages are in development.
They may not be fully stable and should be used with caution. We make no claims about them.