Last updated on 2024-05-04 01:48:53 CEST.
Flavor | Version | Tinstall | Tcheck | Ttotal | Status | Flags |
---|---|---|---|---|---|---|
r-devel-linux-x86_64-debian-clang | 1.4 | 16.17 | 308.86 | 325.03 | OK | |
r-devel-linux-x86_64-fedora-clang | 1.4 | 483.04 | NOTE | |||
r-devel-linux-x86_64-fedora-gcc | 1.4 | 449.12 | OK | |||
r-devel-windows-x86_64 | 1.4 | 13.00 | 238.00 | 251.00 | OK | |
r-patched-linux-x86_64 | 1.4 | 19.75 | 365.33 | 385.08 | OK | |
r-release-linux-x86_64 | 1.4 | 9.40 | 356.39 | 365.79 | OK | |
r-release-macos-arm64 | 1.4 | 116.00 | OK | |||
r-release-macos-x86_64 | 1.4 | 273.00 | OK | |||
r-release-windows-x86_64 | 1.4 | 12.00 | 236.00 | 248.00 | OK | |
r-oldrel-macos-arm64 | 1.4 | 121.00 | OK | |||
r-oldrel-macos-x86_64 | 1.4 | 279.00 | OK | |||
r-oldrel-windows-x86_64 | 1.4 | 18.00 | 295.00 | 313.00 | OK |
Version: 1.4
Check: Rd cross-references
Result: NOTE
Undeclared package ‘modelObj’ in Rd xrefs
Flavor: r-devel-linux-x86_64-fedora-clang
These binaries (installable software) and packages are in development.
They may not be fully stable and should be used with caution. We make no claims about them.