Last updated on 2024-05-04 01:48:53 CEST.
Flavor | Version | Tinstall | Tcheck | Ttotal | Status | Flags |
---|---|---|---|---|---|---|
r-devel-linux-x86_64-debian-clang | 0.1.1 | 6.29 | 50.93 | 57.22 | OK | |
r-devel-linux-x86_64-fedora-clang | 0.1.1 | 69.20 | NOTE | |||
r-devel-linux-x86_64-fedora-gcc | 0.1.1 | 64.92 | NOTE | |||
r-devel-windows-x86_64 | 0.1.1 | 6.00 | 65.00 | 71.00 | OK | |
r-patched-linux-x86_64 | 0.1.1 | 5.47 | 48.88 | 54.35 | OK | |
r-release-linux-x86_64 | 0.1.1 | 5.79 | 48.85 | 54.64 | OK | |
r-release-macos-arm64 | 0.1.1 | 23.00 | OK | |||
r-release-windows-x86_64 | 0.1.1 | 7.00 | 62.00 | 69.00 | OK | |
r-oldrel-macos-arm64 | 0.1.1 | 26.00 | OK | |||
r-oldrel-macos-x86_64 | 0.1.1 | 37.00 | OK | |||
r-oldrel-windows-x86_64 | 0.1.1 | 7.00 | 67.00 | 74.00 | OK |
Version: 0.1.1
Check: dependencies in R code
Result: NOTE
Namespace in Imports field not imported from: ‘tibble’
All declared Imports should be used.
Flavors: r-devel-linux-x86_64-fedora-clang, r-devel-linux-x86_64-fedora-gcc
These binaries (installable software) and packages are in development.
They may not be fully stable and should be used with caution. We make no claims about them.