Last updated on 2024-05-04 01:48:53 CEST.
Flavor | Version | Tinstall | Tcheck | Ttotal | Status | Flags |
---|---|---|---|---|---|---|
r-devel-linux-x86_64-debian-clang | 1.0-0 | 5.83 | 537.90 | 543.73 | NOTE | |
r-devel-linux-x86_64-fedora-clang | 1.0-0 | 617.28 | NOTE | |||
r-devel-linux-x86_64-fedora-gcc | 1.0-0 | 672.25 | NOTE | |||
r-devel-windows-x86_64 | 1.0-0 | 79.00 | 298.00 | 377.00 | NOTE | |
r-patched-linux-x86_64 | 1.0-0 | 6.56 | 558.19 | 564.75 | NOTE | |
r-release-linux-x86_64 | 1.0-0 | 6.16 | 557.64 | 563.80 | NOTE | |
r-release-macos-arm64 | 1.0-0 | 181.00 | NOTE | |||
r-release-windows-x86_64 | 1.0-0 | 78.00 | 295.00 | 373.00 | NOTE | |
r-oldrel-macos-arm64 | 1.0-0 | 161.00 | NOTE | |||
r-oldrel-macos-x86_64 | 1.0-0 | 282.00 | NOTE | |||
r-oldrel-windows-x86_64 | 1.0-0 | 100.00 | 376.00 | 476.00 | NOTE |
Version: 1.0-0
Check: package subdirectories
Result: NOTE
Problems with news in ‘NEWS.md’:
No news entries found.
Flavors: r-devel-linux-x86_64-debian-clang, r-devel-linux-x86_64-fedora-clang, r-devel-linux-x86_64-fedora-gcc, r-devel-windows-x86_64, r-patched-linux-x86_64, r-release-linux-x86_64, r-release-macos-arm64, r-release-windows-x86_64, r-oldrel-macos-arm64, r-oldrel-macos-x86_64, r-oldrel-windows-x86_64
These binaries (installable software) and packages are in development.
They may not be fully stable and should be used with caution. We make no claims about them.