Last updated on 2024-05-04 01:48:53 CEST.
Flavor | Version | Tinstall | Tcheck | Ttotal | Status | Flags |
---|---|---|---|---|---|---|
r-devel-linux-x86_64-debian-clang | 1.0.3 | 144.56 | 422.93 | 567.49 | OK | |
r-devel-linux-x86_64-fedora-clang | 1.0.3 | 675.78 | NOTE | |||
r-devel-linux-x86_64-fedora-gcc | 1.0.3 | 714.15 | OK | |||
r-devel-windows-x86_64 | 1.0.3 | 101.00 | 331.00 | 432.00 | NOTE | |
r-patched-linux-x86_64 | 1.0.3 | 105.12 | 403.37 | 508.49 | OK | |
r-release-linux-x86_64 | 1.0.3 | 112.87 | 404.92 | 517.79 | OK | |
r-release-macos-arm64 | 1.0.3 | 179.00 | NOTE | |||
r-release-windows-x86_64 | 1.0.3 | 107.00 | 330.00 | 437.00 | NOTE | |
r-oldrel-macos-arm64 | 1.0.3 | 195.00 | NOTE | |||
r-oldrel-macos-x86_64 | 1.0.3 | 439.00 | NOTE | |||
r-oldrel-windows-x86_64 | 1.0.3 | 132.00 | 415.00 | 547.00 | NOTE |
Version: 1.0.3
Check: installed package size
Result: NOTE
installed size is 5.6Mb
sub-directories of 1Mb or more:
libs 4.4Mb
Flavors: r-devel-linux-x86_64-fedora-clang, r-devel-windows-x86_64, r-release-macos-arm64, r-release-windows-x86_64, r-oldrel-macos-arm64, r-oldrel-macos-x86_64, r-oldrel-windows-x86_64
These binaries (installable software) and packages are in development.
They may not be fully stable and should be used with caution. We make no claims about them.