Last updated on 2024-05-04 01:48:53 CEST.
Flavor | Version | Tinstall | Tcheck | Ttotal | Status | Flags |
---|---|---|---|---|---|---|
r-devel-linux-x86_64-debian-clang | 0.1.0.1 | 1.96 | 22.26 | 24.22 | NOTE | |
r-devel-linux-x86_64-fedora-clang | 0.1.0.1 | 29.24 | NOTE | |||
r-devel-linux-x86_64-fedora-gcc | 0.1.0.1 | 28.73 | NOTE | |||
r-devel-windows-x86_64 | 0.1.0.1 | 3.00 | 39.00 | 42.00 | NOTE | |
r-patched-linux-x86_64 | 0.1.0.1 | 1.68 | 20.53 | 22.21 | NOTE | |
r-release-linux-x86_64 | 0.1.0.1 | 1.92 | 21.11 | 23.03 | NOTE | |
r-release-macos-arm64 | 0.1.0.1 | 16.00 | NOTE | |||
r-release-windows-x86_64 | 0.1.0.1 | 2.00 | 38.00 | 40.00 | NOTE | |
r-oldrel-macos-arm64 | 0.1.0.1 | 17.00 | NOTE | |||
r-oldrel-macos-x86_64 | 0.1.0.1 | 19.00 | NOTE | |||
r-oldrel-windows-x86_64 | 0.1.0.1 | 2.00 | 37.00 | 39.00 | NOTE |
Version: 0.1.0.1
Check: LazyData
Result: NOTE
'LazyData' is specified without a 'data' directory
Flavors: r-devel-linux-x86_64-debian-clang, r-devel-linux-x86_64-fedora-clang, r-devel-linux-x86_64-fedora-gcc, r-devel-windows-x86_64, r-patched-linux-x86_64, r-release-linux-x86_64, r-release-macos-arm64, r-release-windows-x86_64, r-oldrel-macos-arm64, r-oldrel-macos-x86_64, r-oldrel-windows-x86_64
These binaries (installable software) and packages are in development.
They may not be fully stable and should be used with caution. We make no claims about them.