Last updated on 2024-05-04 01:48:53 CEST.
Flavor | Version | Tinstall | Tcheck | Ttotal | Status | Flags |
---|---|---|---|---|---|---|
r-devel-linux-x86_64-debian-clang | 0.1.1 | 3.20 | 26.44 | 29.64 | NOTE | |
r-devel-linux-x86_64-fedora-clang | 0.1.1 | 37.19 | NOTE | |||
r-devel-linux-x86_64-fedora-gcc | 0.1.1 | 35.14 | NOTE | |||
r-devel-windows-x86_64 | 0.1.1 | 3.00 | 43.00 | 46.00 | NOTE | |
r-patched-linux-x86_64 | 0.1.1 | 2.46 | 24.52 | 26.98 | NOTE | |
r-release-linux-x86_64 | 0.1.1 | 2.77 | 25.57 | 28.34 | NOTE | |
r-release-macos-arm64 | 0.1.1 | 15.00 | NOTE | |||
r-release-windows-x86_64 | 0.1.1 | 3.00 | 43.00 | 46.00 | NOTE | |
r-oldrel-macos-arm64 | 0.1.1 | 17.00 | NOTE | |||
r-oldrel-macos-x86_64 | 0.1.1 | 22.00 | NOTE | |||
r-oldrel-windows-x86_64 | 0.1.1 | 3.00 | 41.00 | 44.00 | NOTE |
Version: 0.1.1
Check: Rd files
Result: NOTE
checkRd: (-1) equal.ordered.Rd:27: Lost braces; missing escapes or markup?
27 | A vector of values for one in {kappa, N, power} that is not supplied by the user.
| ^
checkRd: (-1) equal.ordered.cov.Rd:33: Lost braces; missing escapes or markup?
33 | A vector of values for one in {kappa, N, power} that is not supplied by the user.
| ^
checkRd: (-1) equal.unordered.Rd:27: Lost braces; missing escapes or markup?
27 | A vector of values for one in {kappa, N, power} that is not supplied by the user.
| ^
checkRd: (-1) equal.unordered.cov.Rd:33: Lost braces; missing escapes or markup?
33 | A vector of values for one in {kappa, N, power} that is not supplied by the user.
| ^
checkRd: (-1) unequal.ordered.Rd:30: Lost braces; missing escapes or markup?
30 | A vector of values for one in {kappa, N, power} that is not supplied by the user.
| ^
checkRd: (-1) unequal.ordered.cov.Rd:36: Lost braces; missing escapes or markup?
36 | A vector of values for one in {kappa, N, power} that is not supplied by the user.
| ^
checkRd: (-1) unequal.unordered.Rd:30: Lost braces; missing escapes or markup?
30 | A vector of values for one in {kappa, N, power} that is not supplied by the user.
| ^
checkRd: (-1) unequal.unordered.cov.Rd:36: Lost braces; missing escapes or markup?
36 | A vector of values for one in {kappa, N, power} that is not supplied by the user.
| ^
Flavors: r-devel-linux-x86_64-debian-clang, r-devel-linux-x86_64-fedora-clang, r-devel-linux-x86_64-fedora-gcc, r-devel-windows-x86_64, r-patched-linux-x86_64, r-release-linux-x86_64, r-release-macos-arm64, r-release-windows-x86_64
Version: 0.1.1
Check: LazyData
Result: NOTE
'LazyData' is specified without a 'data' directory
Flavors: r-devel-linux-x86_64-debian-clang, r-devel-linux-x86_64-fedora-clang, r-devel-linux-x86_64-fedora-gcc, r-devel-windows-x86_64, r-patched-linux-x86_64, r-release-linux-x86_64, r-release-macos-arm64, r-release-windows-x86_64, r-oldrel-macos-arm64, r-oldrel-macos-x86_64, r-oldrel-windows-x86_64
These binaries (installable software) and packages are in development.
They may not be fully stable and should be used with caution. We make no claims about them.