Last updated on 2025-10-23 21:51:37 CEST.
Flavor | Version | Tinstall | Tcheck | Ttotal | Status | Flags |
---|---|---|---|---|---|---|
r-devel-linux-x86_64-debian-clang | 0.1 | 6.35 | 68.15 | 74.50 | NOTE | |
r-devel-linux-x86_64-debian-gcc | 0.1 | 4.73 | 49.63 | 54.36 | NOTE | |
r-devel-linux-x86_64-fedora-clang | 0.1 | 14.00 | 98.81 | 112.81 | OK | |
r-devel-linux-x86_64-fedora-gcc | 0.1 | 14.00 | 109.02 | 123.02 | OK | |
r-devel-windows-x86_64 | 0.1 | 9.00 | 78.00 | 87.00 | OK | |
r-patched-linux-x86_64 | 0.1 | 6.06 | 63.09 | 69.15 | OK | |
r-release-linux-x86_64 | 0.1 | 6.33 | 62.38 | 68.71 | OK | |
r-release-macos-arm64 | 0.1 | 3.00 | 33.00 | 36.00 | OK | |
r-release-macos-x86_64 | 0.1 | 5.00 | 59.00 | 64.00 | OK | |
r-release-windows-x86_64 | 0.1 | 8.00 | 79.00 | 87.00 | OK | |
r-oldrel-macos-arm64 | 0.1 | 3.00 | 34.00 | 37.00 | OK | |
r-oldrel-macos-x86_64 | 0.1 | 4.00 | 49.00 | 53.00 | OK | |
r-oldrel-windows-x86_64 | 0.1 | 12.00 | 95.00 | 107.00 | OK |
Version: 0.1
Check: CRAN incoming feasibility
Result: NOTE
Maintainer: ‘Marcel Miché <marcel.miche.predictme@gmail.com>’
No Authors@R field in DESCRIPTION.
Please add one, modifying
Authors@R: person(given = "Marcel",
family = "Miché",
role = c("aut", "cre"),
email = "marcel.miche.predictme@gmail.com")
as necessary.
Flavors: r-devel-linux-x86_64-debian-clang, r-devel-linux-x86_64-debian-gcc
These binaries (installable software) and packages are in development.
They may not be fully stable and should be used with caution. We make no claims about them.