Last updated on 2024-05-04 01:48:53 CEST.
Flavor | Version | Tinstall | Tcheck | Ttotal | Status | Flags |
---|---|---|---|---|---|---|
r-devel-linux-x86_64-debian-clang | 0.1.0 | 3.50 | 26.88 | 30.38 | OK | |
r-devel-linux-x86_64-fedora-clang | 0.1.0 | 38.73 | NOTE | |||
r-devel-linux-x86_64-fedora-gcc | 0.1.0 | 37.41 | NOTE | |||
r-devel-windows-x86_64 | 0.1.0 | 6.00 | 43.00 | 49.00 | OK | |
r-patched-linux-x86_64 | 0.1.0 | 4.02 | 26.41 | 30.43 | OK | |
r-release-linux-x86_64 | 0.1.0 | 3.35 | 26.24 | 29.59 | OK | |
r-release-macos-arm64 | 0.1.0 | 19.00 | OK | |||
r-release-windows-x86_64 | 0.1.0 | 7.00 | 44.00 | 51.00 | OK | |
r-oldrel-macos-arm64 | 0.1.0 | 18.00 | OK | |||
r-oldrel-macos-x86_64 | 0.1.0 | 26.00 | OK | |||
r-oldrel-windows-x86_64 | 0.1.0 | 6.00 | 44.00 | 50.00 | OK |
Version: 0.1.0
Check: data for non-ASCII characters
Result: NOTE
Note: found 42966 marked UTF-8 strings
Flavors: r-devel-linux-x86_64-fedora-clang, r-devel-linux-x86_64-fedora-gcc
These binaries (installable software) and packages are in development.
They may not be fully stable and should be used with caution. We make no claims about them.