Last updated on 2025-10-23 11:50:23 CEST.
Flavor | Version | Tinstall | Tcheck | Ttotal | Status | Flags |
---|---|---|---|---|---|---|
r-devel-linux-x86_64-debian-clang | 1.1.1 | 9.12 | 457.73 | 466.85 | OK | |
r-devel-linux-x86_64-debian-gcc | 1.1.1 | 5.47 | 409.46 | 414.93 | OK | |
r-devel-linux-x86_64-fedora-clang | 1.1.1 | 18.00 | 599.75 | 617.75 | OK | |
r-devel-linux-x86_64-fedora-gcc | 1.1.1 | 14.00 | 852.01 | 866.01 | OK | |
r-devel-windows-x86_64 | 1.1.1 | 10.00 | 805.00 | 815.00 | OK | |
r-patched-linux-x86_64 | 1.1.1 | 8.46 | 551.25 | 559.71 | OK | |
r-release-linux-x86_64 | 1.1.1 | 7.83 | 527.49 | 535.32 | OK | |
r-release-macos-arm64 | 1.1.1 | 4.00 | 156.00 | 160.00 | OK | |
r-release-macos-x86_64 | 1.1.1 | 6.00 | 1533.00 | 1539.00 | OK | |
r-release-windows-x86_64 | 1.1.1 | 13.00 | 867.00 | 880.00 | OK | |
r-oldrel-macos-arm64 | 1.1.1 | 3.00 | 155.00 | 158.00 | NOTE | |
r-oldrel-macos-x86_64 | 1.1.1 | 7.00 | 329.00 | 336.00 | NOTE | |
r-oldrel-windows-x86_64 | 1.1.1 | 14.00 | 516.00 | 530.00 | NOTE |
Version: 1.1.1
Check: package dependencies
Result: NOTE
Packages suggested but not available for checking: 'cmdstanr', 'iwmm'
Flavors: r-oldrel-macos-arm64, r-oldrel-macos-x86_64, r-oldrel-windows-x86_64
These binaries (installable software) and packages are in development.
They may not be fully stable and should be used with caution. We make no claims about them.